[INFO] cloning repository https://github.com/Stroby241/vulkan_rust
[INFO] running `Command { std: "git" "-c" "credential.helper=" "-c" "credential.helper=/workspace/cargo-home/bin/git-credential-null" "clone" "--bare" "https://github.com/Stroby241/vulkan_rust" "/workspace/cache/git-repos/https%3A%2F%2Fgithub.com%2FStroby241%2Fvulkan_rust", kill_on_drop: false }`
[INFO] [stderr] Cloning into bare repository '/workspace/cache/git-repos/https%3A%2F%2Fgithub.com%2FStroby241%2Fvulkan_rust'...
[INFO] running `Command { std: "git" "rev-parse" "HEAD", kill_on_drop: false }`
[INFO] [stdout] de4b5bb33142e23600985806cc503a61c9fb354d
[INFO] checking Stroby241/vulkan_rust against master#e6e4f7ed1589e03bc2f6c5931c1a72e7947e8682 for beta-170-4
[INFO] running `Command { std: "git" "clone" "/workspace/cache/git-repos/https%3A%2F%2Fgithub.com%2FStroby241%2Fvulkan_rust" "/workspace/builds/worker-0-tc2/source", kill_on_drop: false }`
[INFO] [stderr] Cloning into '/workspace/builds/worker-0-tc2/source'...
[INFO] [stderr] done.
[INFO] validating manifest of git repo https://github.com/Stroby241/vulkan_rust on toolchain e6e4f7ed1589e03bc2f6c5931c1a72e7947e8682
[INFO] running `Command { std: CARGO_HOME="/workspace/cargo-home" RUSTUP_HOME="/workspace/rustup-home" "/workspace/cargo-home/bin/cargo" "+e6e4f7ed1589e03bc2f6c5931c1a72e7947e8682" "metadata" "--manifest-path" "Cargo.toml" "--no-deps", kill_on_drop: false }`
[INFO] started tweaking git repo https://github.com/Stroby241/vulkan_rust
[INFO] finished tweaking git repo https://github.com/Stroby241/vulkan_rust
[INFO] tweaked toml for git repo https://github.com/Stroby241/vulkan_rust written to /workspace/builds/worker-0-tc2/source/Cargo.toml
[INFO] crate git repo https://github.com/Stroby241/vulkan_rust already has a lockfile, it will not be regenerated
[INFO] running `Command { std: CARGO_HOME="/workspace/cargo-home" RUSTUP_HOME="/workspace/rustup-home" "/workspace/cargo-home/bin/cargo" "+e6e4f7ed1589e03bc2f6c5931c1a72e7947e8682" "fetch" "--manifest-path" "Cargo.toml", kill_on_drop: false }`
[INFO] running `Command { std: "docker" "create" "-v" "/var/lib/crater-agent-workspace/builds/worker-0-tc2/target:/opt/rustwide/target:rw,Z" "-v" "/var/lib/crater-agent-workspace/builds/worker-0-tc2/source:/opt/rustwide/workdir:ro,Z" "-v" "/var/lib/crater-agent-workspace/cargo-home:/opt/rustwide/cargo-home:ro,Z" "-v" "/var/lib/crater-agent-workspace/rustup-home:/opt/rustwide/rustup-home:ro,Z" "-e" "SOURCE_DIR=/opt/rustwide/workdir" "-e" "CARGO_TARGET_DIR=/opt/rustwide/target" "-e" "CARGO_HOME=/opt/rustwide/cargo-home" "-e" "RUSTUP_HOME=/opt/rustwide/rustup-home" "-w" "/opt/rustwide/workdir" "-m" "1610612736" "--user" "0:0" "--network" "none" "ghcr.io/rust-lang/crates-build-env/linux@sha256:19e73879b68f455e41552ea35293514db52ea292d993f571636dbffedb77a1ee" "/opt/rustwide/cargo-home/bin/cargo" "+e6e4f7ed1589e03bc2f6c5931c1a72e7947e8682" "metadata" "--no-deps" "--format-version=1", kill_on_drop: false }`
[INFO] [stdout] 1e3a3298bd8b8b0fc0eee60a91d4ff4995edcff88d9363c49d352010d97d9084
[INFO] running `Command { std: "docker" "start" "-a" "1e3a3298bd8b8b0fc0eee60a91d4ff4995edcff88d9363c49d352010d97d9084", kill_on_drop: false }`
[INFO] running `Command { std: "docker" "inspect" "1e3a3298bd8b8b0fc0eee60a91d4ff4995edcff88d9363c49d352010d97d9084", kill_on_drop: false }`
[INFO] running `Command { std: "docker" "rm" "-f" "1e3a3298bd8b8b0fc0eee60a91d4ff4995edcff88d9363c49d352010d97d9084", kill_on_drop: false }`
[INFO] [stdout] 1e3a3298bd8b8b0fc0eee60a91d4ff4995edcff88d9363c49d352010d97d9084
[INFO] running `Command { std: "docker" "create" "-v" "/var/lib/crater-agent-workspace/builds/worker-0-tc2/target:/opt/rustwide/target:rw,Z" "-v" "/var/lib/crater-agent-workspace/builds/worker-0-tc2/source:/opt/rustwide/workdir:ro,Z" "-v" "/var/lib/crater-agent-workspace/cargo-home:/opt/rustwide/cargo-home:ro,Z" "-v" "/var/lib/crater-agent-workspace/rustup-home:/opt/rustwide/rustup-home:ro,Z" "-e" "SOURCE_DIR=/opt/rustwide/workdir" "-e" "CARGO_TARGET_DIR=/opt/rustwide/target" "-e" "CARGO_INCREMENTAL=0" "-e" "RUST_BACKTRACE=full" "-e" "RUSTFLAGS=--cap-lints=forbid" "-e" "RUSTDOCFLAGS=--cap-lints=forbid" "-e" "CARGO_HOME=/opt/rustwide/cargo-home" "-e" "RUSTUP_HOME=/opt/rustwide/rustup-home" "-w" "/opt/rustwide/workdir" "-m" "1610612736" "--user" "0:0" "--network" "none" "ghcr.io/rust-lang/crates-build-env/linux@sha256:19e73879b68f455e41552ea35293514db52ea292d993f571636dbffedb77a1ee" "/opt/rustwide/cargo-home/bin/cargo" "+e6e4f7ed1589e03bc2f6c5931c1a72e7947e8682" "check" "--frozen" "--all" "--all-targets" "--message-format=json", kill_on_drop: false }`
[INFO] [stdout] 3a8e93c0ce0f32d4989dc1551b2e9d746b5835ce50fb1dc8630b655a2346434f
[INFO] running `Command { std: "docker" "start" "-a" "3a8e93c0ce0f32d4989dc1551b2e9d746b5835ce50fb1dc8630b655a2346434f", kill_on_drop: false }`
[INFO] [stderr]    Compiling libc v0.2.137
[INFO] [stderr]    Compiling proc-macro2 v1.0.56
[INFO] [stderr]    Compiling unicode-ident v1.0.5
[INFO] [stderr]    Compiling syn v1.0.105
[INFO] [stderr]    Compiling cc v1.0.77
[INFO] [stderr]    Compiling libm v0.2.6
[INFO] [stderr]    Compiling num-traits v0.2.15
[INFO] [stderr]     Checking bytemuck v1.12.3
[INFO] [stderr]    Compiling log v0.4.17
[INFO] [stderr]     Checking libloading v0.7.4
[INFO] [stderr]    Compiling serde_derive v1.0.148
[INFO] [stderr]    Compiling thiserror v1.0.37
[INFO] [stderr]    Compiling serde v1.0.148
[INFO] [stderr]    Compiling xml-rs v0.8.4
[INFO] [stderr]    Compiling wayland-sys v0.29.5
[INFO] [stderr]     Checking downcast-rs v1.2.0
[INFO] [stderr]     Checking once_cell v1.16.0
[INFO] [stderr]    Compiling slotmap v1.0.6
[INFO] [stderr]     Checking dlib v0.5.0
[INFO] [stderr]    Compiling servo-fontconfig-sys v5.1.0
[INFO] [stderr]     Checking safe_arch v0.6.0
[INFO] [stderr]    Compiling parking_lot_core v0.9.5
[INFO] [stderr]     Checking cty v0.2.2
[INFO] [stderr]    Compiling ash v0.37.1+1.3.235
[INFO] [stderr]     Checking scoped-tls v1.0.1
[INFO] [stderr]     Checking nom v7.1.1
[INFO] [stderr]     Checking miniz_oxide v0.6.2
[INFO] [stderr]     Checking gimli v0.26.2
[INFO] [stderr]     Checking raw-window-handle v0.5.0
[INFO] [stderr]    Compiling cmake v0.1.49
[INFO] [stderr]     Checking object v0.29.0
[INFO] [stderr]     Checking miniz_oxide v0.5.4
[INFO] [stderr]    Compiling crossfont v0.5.1
[INFO] [stderr]    Compiling smithay-client-toolkit v0.16.0
[INFO] [stderr]     Checking wide v0.7.5
[INFO] [stderr]     Checking flate2 v1.0.25
[INFO] [stderr]    Compiling quote v1.0.26
[INFO] [stderr]     Checking rustc-demangle v0.1.21
[INFO] [stderr]     Checking foreign-types-shared v0.3.1
[INFO] [stderr]     Checking tiny-skia-path v0.7.0
[INFO] [stderr]     Checking png v0.17.7
[INFO] [stderr]    Compiling wayland-scanner v0.29.5
[INFO] [stderr]     Checking safe_arch v0.5.2
[INFO] [stderr]    Compiling x11-dl v2.20.1
[INFO] [stderr]     Checking chlorine v1.0.10
[INFO] [stderr]    Compiling anyhow v1.0.66
[INFO] [stderr]     Checking mint v0.5.9
[INFO] [stderr]     Checking arrayvec v0.5.2
[INFO] [stderr]    Compiling freetype-sys v0.13.1
[INFO] [stderr]    Compiling expat-sys v2.1.6
[INFO] [stderr]     Checking nix v0.24.2
[INFO] [stderr]    Compiling backtrace v0.3.66
[INFO] [stderr]     Checking nix v0.25.0
[INFO] [stderr]     Checking num-integer v0.1.45
[INFO] [stderr]    Compiling imgui-sys v0.9.0
[INFO] [stderr]     Checking memmap2 v0.5.8
[INFO] [stderr]     Checking parking_lot v0.12.1
[INFO] [stderr]     Checking tiny-skia v0.7.0
[INFO] [stderr]     Checking mio v0.8.5
[INFO] [stderr]     Checking raw-window-handle v0.4.3
[INFO] [stderr]     Checking instant v0.1.12
[INFO] [stderr]     Checking time v0.1.45
[INFO] [stderr]     Checking termcolor v1.1.3
[INFO] [stderr]     Checking ultraviolet v0.9.0
[INFO] [stderr]     Checking freetype-rs v0.26.0
[INFO] [stderr]     Checking servo-fontconfig v0.5.1
[INFO] [stderr]     Checking chrono v0.4.23
[INFO] [stderr]     Checking xcursor v0.3.4
[INFO] [stderr]     Checking fps_clock v2.0.0
[INFO] [stderr]     Checking addr2line v0.17.0
[INFO] [stderr]    Compiling serde_json v1.0.89
[INFO] [stderr]     Checking getrandom v0.2.8
[INFO] [stderr]    Compiling wayland-client v0.29.5
[INFO] [stderr]    Compiling wayland-protocols v0.29.5
[INFO] [stderr]    Compiling cfg-if v1.0.0
[INFO] [stderr]     Checking rand_core v0.6.4
[INFO] [stderr]     Checking getrandom v0.1.16
[INFO] [stderr]     Checking approx v0.5.1
[INFO] [stderr]     Checking rand_chacha v0.3.1
[INFO] [stderr]     Checking rand_core v0.5.1
[INFO] [stderr]    Compiling num-rational v0.3.2
[INFO] [stderr]    Compiling num-iter v0.1.43
[INFO] [stderr]    Compiling ppv-lite86 v0.2.17
[INFO] [stderr]     Checking either v1.8.1
[INFO] [stderr]     Checking wayland-commons v0.29.5
[INFO] [stderr]     Checking deflate v0.8.6
[INFO] [stderr]     Checking simplelog v0.11.2
[INFO] [stderr]     Checking rand v0.8.5
[INFO] [stderr]    Compiling inflections v1.1.1
[INFO] [stderr]    Compiling siphasher v0.3.10
[INFO] [stderr]     Checking rand_chacha v0.2.2
[INFO] [stderr]     Checking jpeg-decoder v0.1.22
[INFO] [stderr]     Checking rand_xorshift v0.2.0
[INFO] [stderr]     Checking png v0.16.8
[INFO] [stderr]     Checking radium v0.3.0
[INFO] [stderr]    Compiling phf_shared v0.11.1
[INFO] [stderr]     Checking rand v0.7.3
[INFO] [stderr]    Compiling palette v0.6.1
[INFO] [stderr]     Checking console v0.15.5
[INFO] [stderr]     Checking bitvec v0.17.4
[INFO] [stderr]    Compiling memoffset v0.8.0
[INFO] [stderr]    Compiling paste v1.0.12
[INFO] [stderr]    Compiling crossbeam-epoch v0.9.14
[INFO] [stderr]    Compiling matrixmultiply v0.3.7
[INFO] [stderr]     Checking num-complex v0.4.3
[INFO] [stderr]     Checking image v0.23.14
[INFO] [stderr]     Checking indicatif v0.17.3
[INFO] [stderr]    Compiling crossbeam-queue v0.3.8
[INFO] [stderr]     Checking rawpointer v0.2.1
[INFO] [stderr]     Checking noise v0.8.2
[INFO] [stderr]     Checking num-rational v0.4.1
[INFO] [stderr]     Checking robust v0.2.3
[INFO] [stderr]     Checking optional v0.5.0
[INFO] [stderr]     Checking spade v2.2.0
[INFO] [stderr]     Checking crossbeam-channel v0.5.8
[INFO] [stderr]     Checking rustc-hash v1.1.0
[INFO] [stderr]     Checking arrayvec v0.7.2
[INFO] [stderr]     Checking crossbeam-deque v0.8.3
[INFO] [stderr]     Checking bit-vec v0.6.3
[INFO] [stderr]     Checking shuffle v0.1.7
[INFO] [stderr]     Checking num_cpus v1.15.0
[INFO] [stderr]     Checking wayland-cursor v0.29.5
[INFO] [stderr]     Checking crossbeam v0.8.2
[INFO] [stderr]     Checking simba v0.8.1
[INFO] [stderr]    Compiling phf_generator v0.11.1
[INFO] [stderr]    Compiling thiserror-impl v1.0.37
[INFO] [stderr]    Compiling foreign-types-macros v0.2.2
[INFO] [stderr]    Compiling gltf-derive v1.0.0
[INFO] [stderr]    Compiling phf_macros v0.11.1
[INFO] [stderr]    Compiling nalgebra-macros v0.2.0
[INFO] [stderr]    Compiling num-derive v0.3.3
[INFO] [stderr]     Checking foreign-types v0.5.0
[INFO] [stderr]     Checking phf v0.11.1
[INFO] [stderr]     Checking calloop v0.10.3
[INFO] [stderr]     Checking imgui v0.9.0
[INFO] [stderr]     Checking gpu-allocator v0.21.0
[INFO] [stderr]     Checking ash-window v0.12.0
[INFO] [stderr]     Checking imgui-rs-vulkan-renderer v1.6.0
[INFO] [stderr]     Checking vulkan v0.1.0 (/opt/rustwide/workdir/crates/libs/vulkan)
[INFO] [stderr]     Checking nalgebra v0.32.2
[INFO] [stderr]     Checking glam v0.22.0
[INFO] [stderr]     Checking bincode v1.3.3
[INFO] [stderr]    Compiling toml v0.5.9
[INFO] [stderr]     Checking gltf-json v1.0.0
[INFO] [stderr]     Checking sctk-adwaita v0.4.3
[INFO] [stderr]    Compiling find-crate v0.6.3
[INFO] [stderr]     Checking winit v0.27.5
[INFO] [stderr]    Compiling palette_derive v0.6.1
[INFO] [stderr]     Checking gltf v1.0.0
[INFO] [stderr]     Checking imgui-winit-support v0.9.0
[INFO] [stderr]     Checking gui v0.1.0 (/opt/rustwide/workdir/crates/libs/gui)
[INFO] [stderr]     Checking app v0.1.0 (/opt/rustwide/workdir/crates/libs/app)
[INFO] [stdout] warning: unused import: `glam::vec3`
[INFO] [stdout]  --> crates/libs/app/src/controls.rs:1:5
[INFO] [stdout]   |
[INFO] [stdout] 1 | use glam::vec3;
[INFO] [stdout]   |     ^^^^^^^^^^
[INFO] [stdout]   |
[INFO] [stdout]   = note: `#[warn(unused_imports)]` on by default
[INFO] [stdout] 
[INFO] [stdout] 
[INFO] [stdout] warning: unused import: `glam::vec3`
[INFO] [stdout]  --> crates/libs/app/src/controls.rs:1:5
[INFO] [stdout]   |
[INFO] [stdout] 1 | use glam::vec3;
[INFO] [stdout]   |     ^^^^^^^^^^
[INFO] [stdout]   |
[INFO] [stdout]   = note: `#[warn(unused_imports)]` on by default
[INFO] [stdout] 
[INFO] [stdout] 
[INFO] [stdout] warning: unused variable: `camera`
[INFO] [stdout]    --> crates/libs/app/src/lib.rs:350:13
[INFO] [stdout]     |
[INFO] [stdout] 350 |         let camera = Camera::new(
[INFO] [stdout]     |             ^^^^^^ help: if this is intentional, prefix it with an underscore: `_camera`
[INFO] [stdout]     |
[INFO] [stdout]     = note: `#[warn(unused_variables)]` on by default
[INFO] [stdout] 
[INFO] [stdout] 
[INFO] [stdout] warning: unused variable: `camera`
[INFO] [stdout]    --> crates/libs/app/src/lib.rs:350:13
[INFO] [stdout]     |
[INFO] [stdout] 350 |         let camera = Camera::new(
[INFO] [stdout]     |             ^^^^^^ help: if this is intentional, prefix it with an underscore: `_camera`
[INFO] [stdout]     |
[INFO] [stdout]     = note: `#[warn(unused_variables)]` on by default
[INFO] [stdout] 
[INFO] [stdout] 
[INFO] [stdout] warning: 2 warnings emitted
[INFO] [stdout] 
[INFO] [stdout] 
[INFO] [stdout] warning: 2 warnings emitted
[INFO] [stdout] 
[INFO] [stdout] 
[INFO] [stderr]     Checking comp_mandelbulb v0.1.0 (/opt/rustwide/workdir/crates/examples/comp_mandelbulb)
[INFO] [stderr]     Checking triangle v0.1.0 (/opt/rustwide/workdir/crates/examples/triangle)
[INFO] [stderr]     Checking rt_triangle v0.1.0 (/opt/rustwide/workdir/crates/examples/rt_triangle)
[INFO] [stderr]     Checking gpu_particles v0.1.0 (/opt/rustwide/workdir/crates/examples/gpu_particles)
[INFO] [stderr]     Checking mandelbrot v0.1.0 (/opt/rustwide/workdir/crates/examples/mandelbrot)
[INFO] [stderr]     Checking comp_mandelbrot v0.1.0 (/opt/rustwide/workdir/crates/examples/comp_mandelbrot)
[INFO] [stdout] error: couldn't read crates/examples/comp_mandelbulb/src/../shaders/mandelblub.comp.spv: No such file or directory (os error 2)
[INFO] [stdout]    --> crates/examples/comp_mandelbulb/src/main.rs:111:33
[INFO] [stdout]     |
[INFO] [stdout] 111 |                 shader_source: &include_bytes!("../shaders/mandelblub.comp.spv")[..],
[INFO] [stdout]     |                                 ^^^^^^^^^^^^^^^^^^^^^^^^^^^^^^^^^^^^^^^^^^^^^^^^
[INFO] [stdout]     |
[INFO] [stdout]     = note: this error originates in the macro `include_bytes` (in Nightly builds, run with -Z macro-backtrace for more info)
[INFO] [stdout] 
[INFO] [stdout] 
[INFO] [stdout] error: couldn't read crates/examples/triangle/src/../shaders/shader.vert.spv: No such file or directory (os error 2)
[INFO] [stdout]    --> crates/examples/triangle/src/main.rs:149:30
[INFO] [stdout]     |
[INFO] [stdout] 149 |                     source: &include_bytes!("../shaders/shader.vert.spv")[..],
[INFO] [stdout]     |                              ^^^^^^^^^^^^^^^^^^^^^^^^^^^^^^^^^^^^^^^^^^^^
[INFO] [stdout]     |
[INFO] [stdout]     = note: this error originates in the macro `include_bytes` (in Nightly builds, run with -Z macro-backtrace for more info)
[INFO] [stdout] 
[INFO] [stdout] 
[INFO] [stdout] error: couldn't read crates/examples/triangle/src/../shaders/shader.vert.spv: No such file or directory (os error 2)
[INFO] [stdout]    --> crates/examples/triangle/src/main.rs:149:30
[INFO] [stdout]     |
[INFO] [stdout] 149 |                     source: &include_bytes!("../shaders/shader.vert.spv")[..],
[INFO] [stdout]     |                              ^^^^^^^^^^^^^^^^^^^^^^^^^^^^^^^^^^^^^^^^^^^^
[INFO] [stdout]     |
[INFO] [stdout]     = note: this error originates in the macro `include_bytes` (in Nightly builds, run with -Z macro-backtrace for more info)
[INFO] [stdout] 
[INFO] [stdout] 
[INFO] [stdout] error: couldn't read crates/examples/triangle/src/../shaders/shader.frag.spv: No such file or directory (os error 2)
[INFO] [stdout]    --> crates/examples/triangle/src/main.rs:153:30
[INFO] [stdout]     |
[INFO] [stdout] 153 |                     source: &include_bytes!("../shaders/shader.frag.spv")[..],
[INFO] [stdout]     |                              ^^^^^^^^^^^^^^^^^^^^^^^^^^^^^^^^^^^^^^^^^^^^
[INFO] [stdout]     |
[INFO] [stdout]     = note: this error originates in the macro `include_bytes` (in Nightly builds, run with -Z macro-backtrace for more info)
[INFO] [stdout] 
[INFO] [stdout] 
[INFO] [stdout] error: couldn't read crates/examples/triangle/src/../shaders/shader.frag.spv: No such file or directory (os error 2)
[INFO] [stdout]    --> crates/examples/triangle/src/main.rs:153:30
[INFO] [stdout]     |
[INFO] [stdout] 153 |                     source: &include_bytes!("../shaders/shader.frag.spv")[..],
[INFO] [stdout]     |                              ^^^^^^^^^^^^^^^^^^^^^^^^^^^^^^^^^^^^^^^^^^^^
[INFO] [stdout]     |
[INFO] [stdout]     = note: this error originates in the macro `include_bytes` (in Nightly builds, run with -Z macro-backtrace for more info)
[INFO] [stdout] 
[INFO] [stdout] 
[INFO] [stdout] warning: unused import: `Instant`
[INFO] [stdout]  --> crates/examples/comp_mandelbulb/src/main.rs:2:27
[INFO] [stdout]   |
[INFO] [stdout] 2 | use std::time::{Duration, Instant};
[INFO] [stdout]   |                           ^^^^^^^
[INFO] [stdout]   |
[INFO] [stdout]   = note: `#[warn(unused_imports)]` on by default
[INFO] [stdout] 
[INFO] [stdout] 
[INFO] [stdout] warning: unused imports: `Mat4`, `vec3`
[INFO] [stdout]  --> crates/examples/comp_mandelbulb/src/main.rs:6:17
[INFO] [stdout]   |
[INFO] [stdout] 6 | use app::glam::{vec3, Mat4, Vec3};
[INFO] [stdout]   |                 ^^^^  ^^^^
[INFO] [stdout] 
[INFO] [stdout] 
[INFO] [stdout] warning: unused import: `app::vulkan::utils::create_gpu_only_buffer_from_data`
[INFO] [stdout]  --> crates/examples/comp_mandelbulb/src/main.rs:9:5
[INFO] [stdout]   |
[INFO] [stdout] 9 | use app::vulkan::utils::create_gpu_only_buffer_from_data;
[INFO] [stdout]   |     ^^^^^^^^^^^^^^^^^^^^^^^^^^^^^^^^^^^^^^^^^^^^^^^^^^^^
[INFO] [stdout] 
[INFO] [stdout] 
[INFO] [stdout] warning: unused imports: `BufferBarrier`, `Context`, `GraphicsPipelineCreateInfo`, `GraphicsPipeline`, `GraphicsShaderCreateInfo`, `Vertex`
[INFO] [stdout]   --> crates/examples/comp_mandelbulb/src/main.rs:11:13
[INFO] [stdout]    |
[INFO] [stdout] 11 |     Buffer, BufferBarrier, CommandBuffer, ComputePipeline, ComputePipelineCreateInfo, Context,
[INFO] [stdout]    |             ^^^^^^^^^^^^^                                                             ^^^^^^^
[INFO] [stdout] 12 |     DescriptorPool, DescriptorSet, DescriptorSetLayout, GraphicsPipeline,
[INFO] [stdout]    |                                                         ^^^^^^^^^^^^^^^^
[INFO] [stdout] 13 |     GraphicsPipelineCreateInfo, GraphicsShaderCreateInfo, PipelineLayout, Vertex,
[INFO] [stdout]    |     ^^^^^^^^^^^^^^^^^^^^^^^^^^  ^^^^^^^^^^^^^^^^^^^^^^^^                  ^^^^^^
[INFO] [stdout] 
[INFO] [stdout] 
[INFO] [stdout] warning: unused import: `log`
[INFO] [stdout]   --> crates/examples/comp_mandelbulb/src/main.rs:16:11
[INFO] [stdout]    |
[INFO] [stdout] 16 | use app::{log, App, BaseApp};
[INFO] [stdout]    |           ^^^
[INFO] [stdout] 
[INFO] [stdout] 
[INFO] [stdout] error: couldn't read crates/examples/mandelbrot/src/../shaders/shader.vert.spv: No such file or directory (os error 2)
[INFO] [stdout]    --> crates/examples/mandelbrot/src/main.rs:161:30
[INFO] [stdout]     |
[INFO] [stdout] 161 |                     source: &include_bytes!("../shaders/shader.vert.spv")[..],
[INFO] [stdout]     |                              ^^^^^^^^^^^^^^^^^^^^^^^^^^^^^^^^^^^^^^^^^^^^
[INFO] [stdout]     |
[INFO] [stdout]     = note: this error originates in the macro `include_bytes` (in Nightly builds, run with -Z macro-backtrace for more info)
[INFO] [stdout] 
[INFO] [stdout] 
[INFO] [stdout] error: couldn't read crates/examples/mandelbrot/src/../shaders/shader.frag.spv: No such file or directory (os error 2)
[INFO] [stdout]    --> crates/examples/mandelbrot/src/main.rs:165:30
[INFO] [stdout]     |
[INFO] [stdout] 165 |                     source: &include_bytes!("../shaders/shader.frag.spv")[..],
[INFO] [stdout]     |                              ^^^^^^^^^^^^^^^^^^^^^^^^^^^^^^^^^^^^^^^^^^^^
[INFO] [stdout]     |
[INFO] [stdout]     = note: this error originates in the macro `include_bytes` (in Nightly builds, run with -Z macro-backtrace for more info)
[INFO] [stdout] 
[INFO] [stdout] 
[INFO] [stdout] error: couldn't read crates/examples/comp_mandelbrot/src/../shaders/mandelbrot.comp.spv: No such file or directory (os error 2)
[INFO] [stdout]    --> crates/examples/comp_mandelbrot/src/main.rs:108:33
[INFO] [stdout]     |
[INFO] [stdout] 108 |                 shader_source: &include_bytes!("../shaders/mandelbrot.comp.spv")[..],
[INFO] [stdout]     |                                 ^^^^^^^^^^^^^^^^^^^^^^^^^^^^^^^^^^^^^^^^^^^^^^^^
[INFO] [stdout]     |
[INFO] [stdout]     = note: this error originates in the macro `include_bytes` (in Nightly builds, run with -Z macro-backtrace for more info)
[INFO] [stdout] 
[INFO] [stdout] 
[INFO] [stdout] error: couldn't read crates/examples/comp_mandelbrot/src/../shaders/mandelbrot.comp.spv: No such file or directory (os error 2)
[INFO] [stdout]    --> crates/examples/comp_mandelbrot/src/main.rs:108:33
[INFO] [stdout]     |
[INFO] [stdout] 108 |                 shader_source: &include_bytes!("../shaders/mandelbrot.comp.spv")[..],
[INFO] [stdout]     |                                 ^^^^^^^^^^^^^^^^^^^^^^^^^^^^^^^^^^^^^^^^^^^^^^^^
[INFO] [stdout]     |
[INFO] [stdout]     = note: this error originates in the macro `include_bytes` (in Nightly builds, run with -Z macro-backtrace for more info)
[INFO] [stdout] 
[INFO] [stdout] 
[INFO] [stdout] error: couldn't read crates/examples/rt_triangle/src/../shaders/raygen.rgen.spv: No such file or directory (os error 2)
[INFO] [stdout]    --> crates/examples/rt_triangle/src/main.rs:299:22
[INFO] [stdout]     |
[INFO] [stdout] 299 |             source: &include_bytes!("../shaders/raygen.rgen.spv")[..],
[INFO] [stdout]     |                      ^^^^^^^^^^^^^^^^^^^^^^^^^^^^^^^^^^^^^^^^^^^^
[INFO] [stdout]     |
[INFO] [stdout]     = note: this error originates in the macro `include_bytes` (in Nightly builds, run with -Z macro-backtrace for more info)
[INFO] [stdout] 
[INFO] [stdout] 
[INFO] [stdout] error: couldn't read crates/examples/rt_triangle/src/../shaders/miss.rmiss.spv: No such file or directory (os error 2)
[INFO] [stdout]    --> crates/examples/rt_triangle/src/main.rs:304:22
[INFO] [stdout]     |
[INFO] [stdout] 304 |             source: &include_bytes!("../shaders/miss.rmiss.spv")[..],
[INFO] [stdout]     |                      ^^^^^^^^^^^^^^^^^^^^^^^^^^^^^^^^^^^^^^^^^^^
[INFO] [stdout]     |
[INFO] [stdout]     = note: this error originates in the macro `include_bytes` (in Nightly builds, run with -Z macro-backtrace for more info)
[INFO] [stdout] 
[INFO] [stdout] 
[INFO] [stdout] error: couldn't read crates/examples/rt_triangle/src/../shaders/raygen.rgen.spv: No such file or directory (os error 2)
[INFO] [stdout]    --> crates/examples/rt_triangle/src/main.rs:299:22
[INFO] [stdout]     |
[INFO] [stdout] 299 |             source: &include_bytes!("../shaders/raygen.rgen.spv")[..],
[INFO] [stdout]     |                      ^^^^^^^^^^^^^^^^^^^^^^^^^^^^^^^^^^^^^^^^^^^^
[INFO] [stdout]     |
[INFO] [stdout]     = note: this error originates in the macro `include_bytes` (in Nightly builds, run with -Z macro-backtrace for more info)
[INFO] [stdout] 
[INFO] [stdout] 
[INFO] [stdout] error: couldn't read crates/examples/rt_triangle/src/../shaders/closesthit.rchit.spv: No such file or directory (os error 2)
[INFO] [stdout]    --> crates/examples/rt_triangle/src/main.rs:309:22
[INFO] [stdout]     |
[INFO] [stdout] 309 |             source: &include_bytes!("../shaders/closesthit.rchit.spv")[..],
[INFO] [stdout]     |                      ^^^^^^^^^^^^^^^^^^^^^^^^^^^^^^^^^^^^^^^^^^^^^^^^^
[INFO] [stdout]     |
[INFO] [stdout]     = note: this error originates in the macro `include_bytes` (in Nightly builds, run with -Z macro-backtrace for more info)
[INFO] [stdout] 
[INFO] [stdout] 
[INFO] [stdout] error: couldn't read crates/examples/rt_triangle/src/../shaders/miss.rmiss.spv: No such file or directory (os error 2)
[INFO] [stdout]    --> crates/examples/rt_triangle/src/main.rs:304:22
[INFO] [stdout]     |
[INFO] [stdout] 304 |             source: &include_bytes!("../shaders/miss.rmiss.spv")[..],
[INFO] [stdout]     |                      ^^^^^^^^^^^^^^^^^^^^^^^^^^^^^^^^^^^^^^^^^^^
[INFO] [stdout]     |
[INFO] [stdout]     = note: this error originates in the macro `include_bytes` (in Nightly builds, run with -Z macro-backtrace for more info)
[INFO] [stdout] 
[INFO] [stdout] 
[INFO] [stdout] error: couldn't read crates/examples/rt_triangle/src/../shaders/closesthit.rchit.spv: No such file or directory (os error 2)
[INFO] [stdout]    --> crates/examples/rt_triangle/src/main.rs:309:22
[INFO] [stdout]     |
[INFO] [stdout] 309 |             source: &include_bytes!("../shaders/closesthit.rchit.spv")[..],
[INFO] [stdout]     |                      ^^^^^^^^^^^^^^^^^^^^^^^^^^^^^^^^^^^^^^^^^^^^^^^^^
[INFO] [stdout]     |
[INFO] [stdout]     = note: this error originates in the macro `include_bytes` (in Nightly builds, run with -Z macro-backtrace for more info)
[INFO] [stdout] 
[INFO] [stdout] 
[INFO] [stdout] error: couldn't read crates/examples/gpu_particles/src/../shaders/shader.comp.spv: No such file or directory (os error 2)
[INFO] [stdout]    --> crates/examples/gpu_particles/src/main.rs:123:33
[INFO] [stdout]     |
[INFO] [stdout] 123 |                 shader_source: &include_bytes!("../shaders/shader.comp.spv")[..],
[INFO] [stdout]     |                                 ^^^^^^^^^^^^^^^^^^^^^^^^^^^^^^^^^^^^^^^^^^^^
[INFO] [stdout]     |
[INFO] [stdout]     = note: this error originates in the macro `include_bytes` (in Nightly builds, run with -Z macro-backtrace for more info)
[INFO] [stdout] 
[INFO] [stdout] 
[INFO] [stdout] error: couldn't read crates/examples/gpu_particles/src/../shaders/shader.comp.spv: No such file or directory (os error 2)
[INFO] [stdout]    --> crates/examples/gpu_particles/src/main.rs:123:33
[INFO] [stdout]     |
[INFO] [stdout] 123 |                 shader_source: &include_bytes!("../shaders/shader.comp.spv")[..],
[INFO] [stdout]     |                                 ^^^^^^^^^^^^^^^^^^^^^^^^^^^^^^^^^^^^^^^^^^^^
[INFO] [stdout]     |
[INFO] [stdout]     = note: this error originates in the macro `include_bytes` (in Nightly builds, run with -Z macro-backtrace for more info)
[INFO] [stdout] 
[INFO] [stdout] 
[INFO] [stdout] error: couldn't read crates/examples/gpu_particles/src/../shaders/shader.vert.spv: No such file or directory (os error 2)
[INFO] [stdout]    --> crates/examples/gpu_particles/src/main.rs:496:30
[INFO] [stdout]     |
[INFO] [stdout] 496 |                     source: &include_bytes!("../shaders/shader.vert.spv")[..],
[INFO] [stdout]     |                              ^^^^^^^^^^^^^^^^^^^^^^^^^^^^^^^^^^^^^^^^^^^^
[INFO] [stdout]     |
[INFO] [stdout]     = note: this error originates in the macro `include_bytes` (in Nightly builds, run with -Z macro-backtrace for more info)
[INFO] [stdout] 
[INFO] [stdout] 
[INFO] [stdout] error: couldn't read crates/examples/gpu_particles/src/../shaders/shader.frag.spv: No such file or directory (os error 2)
[INFO] [stdout]    --> crates/examples/gpu_particles/src/main.rs:500:30
[INFO] [stdout]     |
[INFO] [stdout] 500 |                     source: &include_bytes!("../shaders/shader.frag.spv")[..],
[INFO] [stdout]     |                              ^^^^^^^^^^^^^^^^^^^^^^^^^^^^^^^^^^^^^^^^^^^^
[INFO] [stdout]     |
[INFO] [stdout]     = note: this error originates in the macro `include_bytes` (in Nightly builds, run with -Z macro-backtrace for more info)
[INFO] [stdout] 
[INFO] [stdout] 
[INFO] [stdout] error: couldn't read crates/examples/gpu_particles/src/../shaders/shader.vert.spv: No such file or directory (os error 2)
[INFO] [stdout]    --> crates/examples/gpu_particles/src/main.rs:496:30
[INFO] [stdout]     |
[INFO] [stdout] 496 |                     source: &include_bytes!("../shaders/shader.vert.spv")[..],
[INFO] [stdout]     |                              ^^^^^^^^^^^^^^^^^^^^^^^^^^^^^^^^^^^^^^^^^^^^
[INFO] [stdout]     |
[INFO] [stdout]     = note: this error originates in the macro `include_bytes` (in Nightly builds, run with -Z macro-backtrace for more info)
[INFO] [stdout] 
[INFO] [stdout] 
[INFO] [stdout] error: couldn't read crates/examples/gpu_particles/src/../shaders/shader.frag.spv: No such file or directory (os error 2)
[INFO] [stdout]    --> crates/examples/gpu_particles/src/main.rs:500:30
[INFO] [stdout]     |
[INFO] [stdout] 500 |                     source: &include_bytes!("../shaders/shader.frag.spv")[..],
[INFO] [stdout]     |                              ^^^^^^^^^^^^^^^^^^^^^^^^^^^^^^^^^^^^^^^^^^^^
[INFO] [stdout]     |
[INFO] [stdout]     = note: this error originates in the macro `include_bytes` (in Nightly builds, run with -Z macro-backtrace for more info)
[INFO] [stdout] 
[INFO] [stdout] 
[INFO] [stdout] error: couldn't read crates/examples/comp_mandelbulb/src/../shaders/mandelblub.comp.spv: No such file or directory (os error 2)
[INFO] [stdout]    --> crates/examples/comp_mandelbulb/src/main.rs:111:33
[INFO] [stdout]     |
[INFO] [stdout] 111 |                 shader_source: &include_bytes!("../shaders/mandelblub.comp.spv")[..],
[INFO] [stdout]     |                                 ^^^^^^^^^^^^^^^^^^^^^^^^^^^^^^^^^^^^^^^^^^^^^^^^
[INFO] [stdout]     |
[INFO] [stdout]     = note: this error originates in the macro `include_bytes` (in Nightly builds, run with -Z macro-backtrace for more info)
[INFO] [stdout] 
[INFO] [stdout] 
[INFO] [stderr]     Checking gltf v0.1.0 (/opt/rustwide/workdir/crates/libs/gltf)
[INFO] [stdout] warning: unused import: `Instant`
[INFO] [stdout]  --> crates/examples/comp_mandelbulb/src/main.rs:2:27
[INFO] [stdout]   |
[INFO] [stdout] 2 | use std::time::{Duration, Instant};
[INFO] [stdout]   |                           ^^^^^^^
[INFO] [stdout]   |
[INFO] [stdout]   = note: `#[warn(unused_imports)]` on by default
[INFO] [stdout] 
[INFO] [stdout] 
[INFO] [stdout] warning: unused imports: `Mat4`, `vec3`
[INFO] [stdout]  --> crates/examples/comp_mandelbulb/src/main.rs:6:17
[INFO] [stdout]   |
[INFO] [stdout] 6 | use app::glam::{vec3, Mat4, Vec3};
[INFO] [stdout]   |                 ^^^^  ^^^^
[INFO] [stdout] 
[INFO] [stdout] 
[INFO] [stdout] warning: unused import: `app::vulkan::utils::create_gpu_only_buffer_from_data`
[INFO] [stdout]  --> crates/examples/comp_mandelbulb/src/main.rs:9:5
[INFO] [stdout]   |
[INFO] [stdout] 9 | use app::vulkan::utils::create_gpu_only_buffer_from_data;
[INFO] [stdout]   |     ^^^^^^^^^^^^^^^^^^^^^^^^^^^^^^^^^^^^^^^^^^^^^^^^^^^^
[INFO] [stdout] 
[INFO] [stdout] 
[INFO] [stdout] warning: unused imports: `BufferBarrier`, `Context`, `GraphicsPipelineCreateInfo`, `GraphicsPipeline`, `GraphicsShaderCreateInfo`, `Vertex`
[INFO] [stdout]   --> crates/examples/comp_mandelbulb/src/main.rs:11:13
[INFO] [stdout]    |
[INFO] [stdout] 11 |     Buffer, BufferBarrier, CommandBuffer, ComputePipeline, ComputePipelineCreateInfo, Context,
[INFO] [stdout]    |             ^^^^^^^^^^^^^                                                             ^^^^^^^
[INFO] [stdout] 12 |     DescriptorPool, DescriptorSet, DescriptorSetLayout, GraphicsPipeline,
[INFO] [stdout]    |                                                         ^^^^^^^^^^^^^^^^
[INFO] [stdout] 13 |     GraphicsPipelineCreateInfo, GraphicsShaderCreateInfo, PipelineLayout, Vertex,
[INFO] [stdout]    |     ^^^^^^^^^^^^^^^^^^^^^^^^^^  ^^^^^^^^^^^^^^^^^^^^^^^^                  ^^^^^^
[INFO] [stdout] 
[INFO] [stdout] 
[INFO] [stdout] warning: unused import: `log`
[INFO] [stdout]   --> crates/examples/comp_mandelbulb/src/main.rs:16:11
[INFO] [stdout]    |
[INFO] [stdout] 16 | use app::{log, App, BaseApp};
[INFO] [stdout]    |           ^^^
[INFO] [stdout] 
[INFO] [stdout] 
[INFO] [stdout] error: couldn't read crates/examples/mandelbrot/src/../shaders/shader.vert.spv: No such file or directory (os error 2)
[INFO] [stdout]    --> crates/examples/mandelbrot/src/main.rs:161:30
[INFO] [stdout]     |
[INFO] [stdout] 161 |                     source: &include_bytes!("../shaders/shader.vert.spv")[..],
[INFO] [stdout]     |                              ^^^^^^^^^^^^^^^^^^^^^^^^^^^^^^^^^^^^^^^^^^^^
[INFO] [stdout]     |
[INFO] [stdout]     = note: this error originates in the macro `include_bytes` (in Nightly builds, run with -Z macro-backtrace for more info)
[INFO] [stdout] 
[INFO] [stdout] 
[INFO] [stdout] error: couldn't read crates/examples/mandelbrot/src/../shaders/shader.frag.spv: No such file or directory (os error 2)
[INFO] [stdout]    --> crates/examples/mandelbrot/src/main.rs:165:30
[INFO] [stdout]     |
[INFO] [stdout] 165 |                     source: &include_bytes!("../shaders/shader.frag.spv")[..],
[INFO] [stdout]     |                              ^^^^^^^^^^^^^^^^^^^^^^^^^^^^^^^^^^^^^^^^^^^^
[INFO] [stdout]     |
[INFO] [stdout]     = note: this error originates in the macro `include_bytes` (in Nightly builds, run with -Z macro-backtrace for more info)
[INFO] [stdout] 
[INFO] [stdout] 
[INFO] [stdout] error: aborting due to 2 previous errors
[INFO] [stdout] 
[INFO] [stdout] 
[INFO] [stdout] error: aborting due to 2 previous errors
[INFO] [stdout] 
[INFO] [stdout] 
[INFO] [stdout] error: aborting due to 2 previous errors
[INFO] [stdout] 
[INFO] [stdout] 
[INFO] [stderr] error: could not compile `triangle` (bin "triangle") due to 3 previous errors
[INFO] [stderr] warning: build failed, waiting for other jobs to finish...
[INFO] [stdout] error: aborting due to 3 previous errors
[INFO] [stdout] 
[INFO] [stdout] 
[INFO] [stderr] error: could not compile `triangle` (bin "triangle" test) due to 3 previous errors
[INFO] [stderr] error: could not compile `mandelbrot` (bin "mandelbrot" test) due to 3 previous errors
[INFO] [stdout] error: aborting due to 3 previous errors
[INFO] [stdout] 
[INFO] [stdout] 
[INFO] [stderr] error: could not compile `rt_triangle` (bin "rt_triangle") due to 4 previous errors
[INFO] [stderr] error: could not compile `rt_triangle` (bin "rt_triangle" test) due to 4 previous errors
[INFO] [stdout] error[E0609]: no field `camera` on type `&mut BaseApp<Particles>`
[INFO] [stdout]    --> crates/examples/comp_mandelbrot/src/main.rs:112:14
[INFO] [stdout]     |
[INFO] [stdout] 112 |         base.camera.position.z = 2.0;
[INFO] [stdout]     |              ^^^^^^ unknown field
[INFO] [stdout]     |
[INFO] [stdout]     = note: available fields are: `swapchain`, `command_pool`, `storage_images`, `context`
[INFO] [stdout] 
[INFO] [stdout] 
[INFO] [stdout] error[E0609]: no field `camera` on type `&mut BaseApp<Particles>`
[INFO] [stdout]    --> crates/examples/comp_mandelbrot/src/main.rs:112:14
[INFO] [stdout]     |
[INFO] [stdout] 112 |         base.camera.position.z = 2.0;
[INFO] [stdout]     |              ^^^^^^ unknown field
[INFO] [stdout]     |
[INFO] [stdout]     = note: available fields are: `swapchain`, `command_pool`, `storage_images`, `context`
[INFO] [stdout] 
[INFO] [stdout] 
[INFO] [stdout] error[E0609]: no field `camera` on type `&mut BaseApp<Particles>`
[INFO] [stdout]    --> crates/examples/comp_mandelbulb/src/main.rs:115:14
[INFO] [stdout]     |
[INFO] [stdout] 115 |         base.camera.position.z = 2.0;
[INFO] [stdout]     |              ^^^^^^ unknown field
[INFO] [stdout]     |
[INFO] [stdout]     = note: available fields are: `swapchain`, `command_pool`, `storage_images`, `context`
[INFO] [stdout] 
[INFO] [stdout] 
[INFO] [stdout] error[E0609]: no field `camera` on type `&mut BaseApp<Particles>`
[INFO] [stdout]    --> crates/examples/comp_mandelbrot/src/main.rs:113:14
[INFO] [stdout]     |
[INFO] [stdout] 113 |         base.camera.z_far = 100.0;
[INFO] [stdout]     |              ^^^^^^ unknown field
[INFO] [stdout]     |
[INFO] [stdout]     = note: available fields are: `swapchain`, `command_pool`, `storage_images`, `context`
[INFO] [stdout] 
[INFO] [stdout] 
[INFO] [stdout] error[E0609]: no field `camera` on type `&mut BaseApp<Particles>`
[INFO] [stdout]    --> crates/examples/comp_mandelbulb/src/main.rs:116:14
[INFO] [stdout]     |
[INFO] [stdout] 116 |         base.camera.z_far = 100.0;
[INFO] [stdout]     |              ^^^^^^ unknown field
[INFO] [stdout]     |
[INFO] [stdout]     = note: available fields are: `swapchain`, `command_pool`, `storage_images`, `context`
[INFO] [stdout] 
[INFO] [stdout] 
[INFO] [stdout] error[E0609]: no field `camera` on type `&mut BaseApp<Particles>`
[INFO] [stdout]    --> crates/examples/comp_mandelbrot/src/main.rs:113:14
[INFO] [stdout]     |
[INFO] [stdout] 113 |         base.camera.z_far = 100.0;
[INFO] [stdout]     |              ^^^^^^ unknown field
[INFO] [stdout]     |
[INFO] [stdout]     = note: available fields are: `swapchain`, `command_pool`, `storage_images`, `context`
[INFO] [stdout] 
[INFO] [stdout] 
[INFO] [stdout] error: aborting due to 3 previous errors
[INFO] [stdout] 
[INFO] [stdout] 
[INFO] [stdout] error[E0609]: no field `camera` on type `&mut BaseApp<Particles>`
[INFO] [stdout]    --> crates/examples/comp_mandelbrot/src/main.rs:134:23
[INFO] [stdout]     |
[INFO] [stdout] 134 |             pos: base.camera.position,
[INFO] [stdout]     |                       ^^^^^^ unknown field
[INFO] [stdout]     |
[INFO] [stdout]     = note: available fields are: `swapchain`, `command_pool`, `storage_images`, `context`
[INFO] [stdout] 
[INFO] [stdout] 
[INFO] [stdout] error[E0609]: no field `camera` on type `&mut BaseApp<Particles>`
[INFO] [stdout]    --> crates/examples/comp_mandelbulb/src/main.rs:137:23
[INFO] [stdout]     |
[INFO] [stdout] 137 |             pos: base.camera.position,
[INFO] [stdout]     |                       ^^^^^^ unknown field
[INFO] [stdout]     |
[INFO] [stdout]     = note: available fields are: `swapchain`, `command_pool`, `storage_images`, `context`
[INFO] [stdout] 
[INFO] [stdout] 
[INFO] [stdout] error[E0609]: no field `camera` on type `&mut BaseApp<Particles>`
[INFO] [stdout]    --> crates/examples/comp_mandelbrot/src/main.rs:135:23
[INFO] [stdout]     |
[INFO] [stdout] 135 |             dir: base.camera.direction,
[INFO] [stdout]     |                       ^^^^^^ unknown field
[INFO] [stdout]     |
[INFO] [stdout]     = note: available fields are: `swapchain`, `command_pool`, `storage_images`, `context`
[INFO] [stdout] 
[INFO] [stdout] 
[INFO] [stdout] error[E0609]: no field `camera` on type `&mut BaseApp<Particles>`
[INFO] [stdout]    --> crates/examples/comp_mandelbulb/src/main.rs:138:23
[INFO] [stdout]     |
[INFO] [stdout] 138 |             dir: base.camera.direction,
[INFO] [stdout]     |                       ^^^^^^ unknown field
[INFO] [stdout]     |
[INFO] [stdout]     = note: available fields are: `swapchain`, `command_pool`, `storage_images`, `context`
[INFO] [stdout] 
[INFO] [stdout] 
[INFO] [stdout] error[E0609]: no field `camera` on type `&mut BaseApp<Particles>`
[INFO] [stdout]    --> crates/examples/comp_mandelbrot/src/main.rs:134:23
[INFO] [stdout]     |
[INFO] [stdout] 134 |             pos: base.camera.position,
[INFO] [stdout]     |                       ^^^^^^ unknown field
[INFO] [stdout]     |
[INFO] [stdout]     = note: available fields are: `swapchain`, `command_pool`, `storage_images`, `context`
[INFO] [stdout] 
[INFO] [stdout] 
[INFO] [stdout] error[E0609]: no field `camera` on type `&mut BaseApp<Particles>`
[INFO] [stdout]    --> crates/examples/comp_mandelbrot/src/main.rs:135:23
[INFO] [stdout]     |
[INFO] [stdout] 135 |             dir: base.camera.direction,
[INFO] [stdout]     |                       ^^^^^^ unknown field
[INFO] [stdout]     |
[INFO] [stdout]     = note: available fields are: `swapchain`, `command_pool`, `storage_images`, `context`
[INFO] [stdout] 
[INFO] [stdout] 
[INFO] [stdout] error[E0609]: no field `camera` on type `&mut BaseApp<Particles>`
[INFO] [stdout]    --> crates/examples/comp_mandelbulb/src/main.rs:115:14
[INFO] [stdout]     |
[INFO] [stdout] 115 |         base.camera.position.z = 2.0;
[INFO] [stdout]     |              ^^^^^^ unknown field
[INFO] [stdout]     |
[INFO] [stdout]     = note: available fields are: `swapchain`, `command_pool`, `storage_images`, `context`
[INFO] [stdout] 
[INFO] [stdout] 
[INFO] [stdout] error[E0609]: no field `camera` on type `&mut BaseApp<Particles>`
[INFO] [stdout]    --> crates/examples/comp_mandelbulb/src/main.rs:116:14
[INFO] [stdout]     |
[INFO] [stdout] 116 |         base.camera.z_far = 100.0;
[INFO] [stdout]     |              ^^^^^^ unknown field
[INFO] [stdout]     |
[INFO] [stdout]     = note: available fields are: `swapchain`, `command_pool`, `storage_images`, `context`
[INFO] [stdout] 
[INFO] [stdout] 
[INFO] [stdout] error: aborting due to 2 previous errors
[INFO] [stdout] 
[INFO] [stdout] 
[INFO] [stderr] error: could not compile `gpu_particles` (bin "gpu_particles" test) due to 4 previous errors
[INFO] [stdout] error[E0609]: no field `camera` on type `&mut BaseApp<Particles>`
[INFO] [stdout]    --> crates/examples/comp_mandelbulb/src/main.rs:137:23
[INFO] [stdout]     |
[INFO] [stdout] 137 |             pos: base.camera.position,
[INFO] [stdout]     |                       ^^^^^^ unknown field
[INFO] [stdout]     |
[INFO] [stdout]     = note: available fields are: `swapchain`, `command_pool`, `storage_images`, `context`
[INFO] [stdout] 
[INFO] [stdout] 
[INFO] [stdout] error[E0609]: no field `camera` on type `&mut BaseApp<Particles>`
[INFO] [stdout]    --> crates/examples/comp_mandelbulb/src/main.rs:138:23
[INFO] [stdout]     |
[INFO] [stdout] 138 |             dir: base.camera.direction,
[INFO] [stdout]     |                       ^^^^^^ unknown field
[INFO] [stdout]     |
[INFO] [stdout]     = note: available fields are: `swapchain`, `command_pool`, `storage_images`, `context`
[INFO] [stdout] 
[INFO] [stdout] 
[INFO] [stdout] error: aborting due to 5 previous errors
[INFO] [stdout] 
[INFO] [stdout] 
[INFO] [stderr] error: could not compile `mandelbrot` (bin "mandelbrot") due to 3 previous errors
[INFO] [stdout] error: aborting due to 5 previous errors; 5 warnings emitted
[INFO] [stdout] 
[INFO] [stdout] 
[INFO] [stdout] For more information about this error, try `rustc --explain E0609`.
[INFO] [stdout] 
[INFO] [stdout] For more information about this error, try `rustc --explain E0609`.
[INFO] [stdout] 
[INFO] [stdout] error: aborting due to 5 previous errors
[INFO] [stdout] 
[INFO] [stdout] 
[INFO] [stdout] For more information about this error, try `rustc --explain E0609`.
[INFO] [stdout] 
[INFO] [stdout] error: aborting due to 5 previous errors; 5 warnings emitted
[INFO] [stdout] 
[INFO] [stdout] 
[INFO] [stdout] For more information about this error, try `rustc --explain E0609`.
[INFO] [stdout] 
[INFO] [stdout] error: aborting due to 3 previous errors
[INFO] [stdout] 
[INFO] [stdout] 
[INFO] [stderr] error: could not compile `comp_mandelbrot` (bin "comp_mandelbrot") due to 6 previous errors
[INFO] [stderr] error: could not compile `comp_mandelbrot` (bin "comp_mandelbrot" test) due to 6 previous errors
[INFO] [stderr] error: could not compile `comp_mandelbulb` (bin "comp_mandelbulb") due to 6 previous errors; 5 warnings emitted
[INFO] [stderr] error: could not compile `comp_mandelbulb` (bin "comp_mandelbulb" test) due to 6 previous errors; 5 warnings emitted
[INFO] [stderr] error: could not compile `gpu_particles` (bin "gpu_particles") due to 4 previous errors
[INFO] running `Command { std: "docker" "inspect" "3a8e93c0ce0f32d4989dc1551b2e9d746b5835ce50fb1dc8630b655a2346434f", kill_on_drop: false }`
[INFO] running `Command { std: "docker" "rm" "-f" "3a8e93c0ce0f32d4989dc1551b2e9d746b5835ce50fb1dc8630b655a2346434f", kill_on_drop: false }`
[INFO] [stdout] 3a8e93c0ce0f32d4989dc1551b2e9d746b5835ce50fb1dc8630b655a2346434f
